nds digit of 838854?
3
What is the hundred thousands digit of 6465482?
4
What is the hundred thousands digit of 1899166?
8
What is the units digit of 152263?
3
What is the tens digit of 178992?
9
What is the tens digit of 22797906?
0
What is the thousands digit of 281901?
1
What is the millions digit of 3128060?
3
What is the units digit of 1842308?
8
What is the ten thousands digit of 10425982?
2
What is the thousands digit of 83832?
3
What is the thousands digit of 1977361?
7
What is the hundreds digit of 136975?
9
What is the millions digit of 6245021?
6
What is the units digit of 2889070?
0
What is the hundreds digit of 7027303?
3
What is the ten thousands digit of 874233?
7
What is the hundreds digit of 8048111?
1
What is the ten thousands digit of 4462295?
6
What is the units digit of 7734737?
7
What is the units digit of 19599?
9
What is the tens digit of 10711846?
4
What is the thousands digit of 139636?
9
What is the hundreds digit of 3001405?
4
What is the thousands digit of 5180291?
0
What is the millions digit of 3791878?
3
What is the ten thousands digit of 10407548?
0
What is the hundreds digit of 14663104?
1
What is the hundred thousands digit of 3648770?
6
What is the hundred thousands digit of 651629?
6
What is the thousands digit of 6677447?
7
What is the units digit of 1159883?
3
What is the hundreds digit of 2540628?
6
What is the millions digit of 4743356?
4
What is the ten thousands digit of 4034536?
3
What is the tens digit of 757312?
1
What is the hundred thousands digit of 2188029?
1
What is the hundred thousands digit of 743692?
7
What is the hundreds digit of 861924?
9
What is the hundred thousands digit of 4468747?
4
What is the tens digit of 14084?
8
What is the hundred thousands digit of 2751113?
7
What is the thousands digit of 6699?
6
What is the tens digit of 11735924?
2
What is the hundreds digit of 5913963?
9
What is the units digit of 904191?
1
What is the tens digit of 538225?
2
What is the thousands digit of 200201?
0
What is the hundreds digit of 471047?
0
What is the millions digit of 1617041?
1
What is the hundred thousands digit of 2678743?
6
What is the hundreds digit of 4468099?
0
What is the tens digit of 41451?
5
What is the ten thousands digit of 1728960?
2
What is the ten millions digit of 24840924?
2
What is the ten thousands digit of 22931?
2
What is the tens digit of 5815201?
0
What is the thousands digit of 13212187?
2
What is the hundreds digit of 1460980?
9
What is the hundred thousands digit of 4280332?
2
What is the hundred thousands digit of 326491?
3
What is the ten thousands digit of 1973048?
7
What is the thousands digit of 1392500?
2
What is the thousands digit of 67012?
7
What is the units digit of 466160?
0
What is the hundred thousands digit of 2053138?
0
What is the units digit of 1034896?
6
What is the tens digit of 2948022?
2
What is the tens digit of 16427262?
6
What is the hundreds digit of 1295321?
3
What is the tens digit of 23944630?
3
What is the hundreds digit of 495592?
5
What is the thousands digit of 12168350?
8
What is the units digit of 10852822?
2
What is the tens digit of 11441381?
8
What is the tens digit of 77659?
5
What is the thousands digit of 3852426?
2
What is the ten thousands digit of 535341?
3
What is the hundred thousands digit of 470318?
4
What is the tens digit of 489355?
5
What is the thousands digit of 15471973?
1
What is the tens digit of 875084?
8
What is the thousands digit of 144993?
4
What is the thousands digit of 17330011?
0
What is the millions digit of 16254900?
6
What is the hundreds digit of 237133?
1
What is the units digit of 1881339?
9
What is the hundred thousands digit of 235466?
2
What is the units digit of 761976?
6
What is the ten thousands digit of 170329?
7
What is the units digit of 7227548?
8
What is the ten thousands digit of 1249962?
4
What is the ten thousands digit of 1801187?
0
What is the ten thousands digit of 6090831?
9
What is the ten thousands digit of 357769?
5
What is the units digit of 1325902?
2
What is the units digit of 90197?
7
What is the ten thousands digit of 75408?
7
What is the ten thousands digit of 652889?
5
What is the units digit of 6064801?
1
What is the hundreds digit of 401960?
9
What is the hundreds digit of 63415?
4
What is the millions digit of 2654206?
2
What is the units digit of 278139?
9
What is the millions digit of 6871600?
6
What is the thousands digit of 2541827?
1
What is the ten thousands digit of 19926?
1
What is the tens digit of 113760?
6
What is the tens digit of 4584031?
3
What is the hundred thousands digit of 3583595?
5
What is the hundred thousands digit of 10486158?
4
What is the hundred thousands digit of 1953433?
9
What is the units digit of 1198441?
1
What is the hundreds digit of 4464674?
6
What is the ten thousands digit of 2725799?
2
What is the hundred thousands digit of 10933479?
9
What is the tens digit of 91618?
1
What is the tens digit of 1539183?
8
What is the ten thousands digit of 449110?
4
What is the ten thousands digit of 272871?
7
What is the ten thousands digit of 424431?
2
What is the hundred thousands digit of 4368637?
3
What is the tens digit of 2052164?
6
What is the units digit of 367983?
3
What is the tens digit of 2813168?
6
What is the hundred thousands digit of 383713?
3
What is the units digit of 83720?
0
What is the hundred thousands digit of 2048568?
0
What is the thousands digit of 6319106?
9
What is the units digit of 1388?
8
What is the hundreds digit of 41140818?
8
What is the thousands digit of 786851?
6
What is the tens digit of 1209830?
3
What is the thousands digit of 399161?
9
What is the units digit of 7848706?
6
What is the hundred thousands digit of 17728249?
7
What is the ten thousands digit of 7892609?
9
What is the ten thousands digit of 244317?
4
What is the millions digit of 5896388?
5
What is the ten thousands digit of 1046861?
4
What is the ten thousands digit of 801865?
0
What is the thousands digit of 3775559?
5
What is the thousands digit of 9718152?
8
What is the hundreds digit of 366282?
2
What is the hundreds digit of 513343?
3
What is the hundreds digit of 3271260?
2
What is the tens digit of 11366326?
2
What is the ten millions digit of 18382577?
1
What is the hundreds digit of 564297?
2
What is the hundreds digit of 844737?
7
What is the tens digit of 108778?
7
What is the hundred thousands digit of 202010?
2
What is the tens digit of 626464?
6
What is the thousands digit of 31100184?
0
What is the hundred thousands digit of 4852327?
8
What is the units digit of 110535?
5
What is the hundreds digit of 233133?
1
What is the ten thousands digit of 1040156?
4
What is the ten thousands digit of 5351156?
5
What is the hundreds digit of 9875233?
2
What is the hundred thousands digit of 682931?
6
What is the hundreds digit of 598267?
2
What is the hundred thousands digit of 2643193?
6
What is the thousands digit of 365807?
5
What is the hundreds digit of 5699288?
2
What is the units digit of 757594?
4
What is the units digit of 162175?
5
What is the ten thousands digit of 2201422?
0
What is the units digit of 6732134?
4
What is the ten thousands digit of 1075354?
7
What is the units digit of 17028407?
7
What is the hundreds digit of 96990?
9
What is the hundred thousands digit of 184237?
1
What is the hundreds digit of 34889584?
5
What is the tens digit of 145698?
9
What is the hundreds digit of 190140?
1
What is the ten thousands digit of 2054385?
5
What is the ten millions digit of 16468674?
1
What is the hundreds digit of 12549038?
0
What is the hundreds digit of 3797929?
9
What is the ten thousands digit of 2407099?
0
What is the ten millions digit of 21991711?
2
What is the units digit of 4714014?
4
What is the thousands digit of 2383081?
3
What is the units digit of 32871?
1
What is the tens digit of 984754?
5
What is the tens digit of 16808836?
3
What is the hundreds digit of 769963?
9
What is the tens digit of 2114418?
1
What is the hundreds digit of 29573?
5
What is the thousands digit of 361004?
1
What is the ten thousands digit of 600427?
0
What is the units digit of 653241?
1
What is the millions digit of 3616003?
3
What is the millions digit of 3928840?
3
What is the thousands digit of 11700409?
0
What is th